 v be w(6). Let j be v/(4 - 1)*-63. Let t(q) = q**3 - 6*q**2 - 7*q + 9. Let n be t(7). What is the greatest common factor of n and j?
9
Suppose 2*x - 10 = -3*x. Let c be x/(-9) - (-404)/36. Let k be 13*1 - (1 + 1). Calculate the highest common divisor of c and k.
11
Let a be 3*1 + 21 + -3. Let x = a - 15. Calculate the greatest common divisor of x and 42.
6
Suppose 2*l - k - 88 = 0, -l + 0*k + 34 = 2*k. Calculate the greatest common factor of l and 14.
14
Suppose 5*n - 27 = -2*v, 4*n - 12 - 5 = 3*v. Suppose n*r - r = 48. What is the greatest common factor of 30 and r?
6
Suppose -2*n + 4*i = -n - 16, -3*i + 159 = 4*n. What is the greatest common factor of 54 and n?
18
Let p be (-20)/6*(-6)/4. Suppose -m - p = -2*m. Calculate the highest common factor of m and 5.
5
Suppose -3*t + 2*b = -2*t + 7, 0 = -5*t + b - 62. Let u(n) = n**2 + 13*n + 2. Let q be u(t). Calculate the highest common factor of q and 8.
2
Suppose -4*n = -3*n - 4. Suppose -q = -3*q + n. Suppose -2*l - q*o + 74 = 0, -l - 4*o = l - 76. What is the highest common divisor of 4 and l?
4
Suppose -3*c - 2*x = 2*c - 523, -2*x - 107 = -c. What is the highest common divisor of c and 21?
21
Let i(s) = s**3 + 3*s**2 - 7*s - 3. Let v be i(-6). Let y be (-3 - -4)/((-3)/v). Calculate the greatest common divisor of 46 and y.
23
Suppose -5*p = -573 + 33. Suppose -4*u + p = -u. Suppose 66 - 12 = f. What is the highest common divisor of f and u?
18
Suppose 2*k - 12 = -2*k. Suppose 0*d - k*d = -6. Calculate the highest common divisor of 18 and d.
2
Suppose 3*p = p + 6. Suppose -105 = -2*v - p*v. Suppose 36 = -l + 3*j + 144, 4*j = -l + 101. Calculate the highest common factor of l and v.
21
Suppose 20 = 2*x - 5*p - 25, -3*x + 2*p = -51. Let h be 9/4*(-80)/(-6). Calculate the greatest common factor of h and x.
15
Suppose 3*b + 4*o - 15 = 0, -b + 2*o = -6*b + 11. Let g = 7 + 0. Calculate the greatest common divisor of g and b.
1
Let l(f) = -12*f + 3. Let b be l(-11). Let v be ((-1)/4)/((-1)/4). Let q be ((30*1)/2)/v. Calculate the greatest common divisor of b and q.
15
Let k(x) = -3*x - 1. Let y = -1 - 1. Let z be k(y). Suppose h = z*h - 144. What is the highest common divisor of 24 and h?
12
Suppose 0 = l + 2. Let u be (-4)/(-4) - 58*l. Let k(t) = t**3 + 7*t**2 + 7*t - 2. Let i be k(-5). What is the greatest common divisor of u and i?
13
Suppose -n + t - 2 + 5 = 0, -5 = -3*n + 5*t. Suppose -35 + 5 = -n*k. Let b be ((-9)/(-6))/(k/20). Calculate the greatest common factor of 35 and b.
5
Let r be 4/(-10)*(13 + -3). Let x be 75/r + (-2)/8. Let m = x + 31. Calculate the highest common factor of 24 and m.
12
Let m(g) = -g**3 - 3*g**2 - 2*g - 3. Let n be m(-3). Suppose a - 9 = -o + n, -3*o = a - 22. Calculate the greatest common divisor of 7 and a.
7
Suppose 2*d - 726 = -d. Calculate the greatest common divisor of 22 and d.
22
Let u = 11 - 0. Suppose -4*c - 8 = 0, -4*v - 3*c = -105 - 57. Let f = 13 + v. Calculate the highest common divisor of f and u.
11
Let l = -6 - -15. Suppose 0 = -2*w + 5*w - l. Suppose w*n + 5 = b, 0*n - 3*n = b - 5. Calculate the greatest common divisor of b and 25.
5
Let n = 42 + -38. What is the highest common factor of 1 and n?
1
Let z(l) be the third derivative of 1/3*l**3 + 5/24*l**4 + 2*l**2 + 0*l + 0. Let m be z(2). Calculate the greatest common factor of 30 and m.
6
Suppose 2*s = 2*b + 100, -b - 160 = -0*s - 3*s. Calculate the highest common divisor of s and 33.
11
Suppose 0 = 2*a - 3*f - 0*f - 70, -4*a = -2*f - 132. Suppose -k - a = -3*k. Suppose -m + 8*m - 280 = 0. Calculate the highest common divisor of m and k.
8
Let d be -5*(2 + -3*2). Suppose 0 = -5*j - s + 804, -4*s = -2*j - 0*s + 304. What is the greatest common divisor of j and d?
20
Let v(b) = 23*b**3 + b. Let i be v(1). Let m = 27 - i. Calculate the greatest common factor of m and 12.
3
Let l(x) be the first derivative of x**2/2 + 3*x - 3. Let s be l(7). What is the highest common factor of s and 40?
10
Suppose 0 = 3*c - 4*f + 26, 4*c - 3*f = -4*f - 3. Let y be (-2 + 0)/(c/29). Let n = -20 + y. Calculate the highest common divisor of n and 6.
3
Suppose 150 = 4*h - 10. What is the highest common factor of 10 and h?
10
Suppose a - 4 = -a. Suppose 0 = a*w - 165 - 105. Calculate the greatest common factor of 15 and w.
15
Let p be -1 - (3/(-1))/1. Let h(q) = -q**3 + 9*q**2 - 7*q - 2. Let j be h(8). What is the greatest common factor of p and j?
2
Suppose 7*h = 5*h + 408. Let q = h + -141. What is the greatest common factor of 9 and q?
9
Let j be (-8)/6*(-24 - 6). Calculate the highest common factor of j and 8.
8
Let u(i) = 62*i + 2. Let j be u(1). Calculate the highest common factor of 16 and j.
16
Let g(q) = -q**3 + 4*q**2 + q - 2. Let p be g(4). Suppose 108 = p*s - 132. Calculate the greatest common divisor of 15 and s.
15
Suppose 2*p + 0*p = -3*c - 4, 0 = -3*c - 5*p + 8. Suppose -t - 72 = 3*t. Let l = c - t. Calculate the greatest common factor of 70 and l.
14
Suppose z = 3*z + 2*t - 22, -59 = -4*z + t. Calculate the highest common factor of z and 154.
14
Let q(k) = k**2 - 3*k + 1. Let u be q(-3). Let a be ((-135)/(-12))/(-5)*-76. What is the highest common factor of a and u?
19
Let p be 0/(3*(-12)/(-9)). Let h = p - -10. What is the greatest common divisor of 50 and h?
10
Let h(r) = r + 2. Let t be h(-4). Let g = -2 - t. Let c = g - -6. Calculate the highest common divisor of 3 and c.
3
Suppose 0 = v - 5*u - 32, 5*u = -v + 3 - 1. Let i = 4 + v. What is the greatest common factor of i and 14?
7
Let c be 1*21 - (-8 + 12). What is the highest common factor of c and 17?
17
Suppose 24 = 2*o + 2*d, -o = 4*o - 3*d - 20. Suppose u = -4*r + 75, 3*r + 2*r - 204 = -3*u. What is the greatest common factor of o and u?
7
Suppose 3*b - 4*b - 4*j + 56 = 0, 2*j - 352 = -5*b. Let f(c) = -c**3 - 22*c**2 + 9. Let l be f(-22). What is the greatest common divisor of l and b?
9
Suppose 3*y + 3*c = 27, -5*c + 1 + 2 = -2*y. What is the highest common factor of y and 54?
6
Let f = 98 + -13. Suppose -4*b - b = -f. Suppose -a - a + 30 = 3*q, q = -a + b. What is the highest common factor of 42 and a?
21
Suppose -5*l = j - 27, -5*j + l = -3*j + 1. Suppose -4*x + 1 = -3*g + 8, -2*g + x + 3 = 0. Calculate the highest common divisor of j and g.
1
Let c = 135 + -102. Calculate the greatest common factor of 363 and c.
33
Suppose 0*w = 4*w - 80. What is the highest common factor of w and 140?
20
Let m = -18 - -28. Let y(d) = d - 1. Let n be y(1). Let j(t) = t + 50. Let s be j(n). Calculate the highest common divisor of s and m.
10
Let t = -42 - -25. Let w = 105 + t. Let z be w/6 - (-4)/(-6). Calculate the greatest common divisor of z and 28.
14
Let h(a) = a**2 + 4*a + 2. Let o be h(-4). Calculate the greatest common divisor of o and 5.
1
Let d = 46 - 30. What is the greatest common factor of 24 and d?
8
Let d = -6 + 10. Let y(r) = -r - 8. Let q be y(-8). Let l = q - -1. What is the greatest common divisor of l and d?
1
Let j(n) = n + 5. Let c be j(0). Calculate the greatest common factor of 5 and c.
5
Suppose 0 = 3*r - 6*r + 81. Suppose 5*z + 5*v - 13 = r, 0 = 5*z + 2*v - 34. What is the highest common divisor of z and 18?
6
Let q(p) = 18*p. Let n be q(5). Calculate the highest common divisor of 36 and n.
18
Let k = 53 - 38. Let a be (-10)/(-2)*6/k. Let b be -50*(1 + (-3)/a). What is the highest common divisor of 10 and b?
5
Let w be ((-39)/9 + 4)*-60. Let b(q) = 5*q**2 - 7*q + 2. Let g be b(7). Suppose 4*s - 202 - g = 0. What is the highest common divisor of s and w?
20
Let r(t) = 54*t**2 + 4*t + 11. Let c(s) = -27*s**2 - 2*s - 5. Let k(m) = -5*c(m) - 2*r(m). Let l be k(-3). What is the highest common factor of 24 and l?
24
Suppose 29 + 13 = 3*i. What is the highest common factor of i and 7?
7
Let j = 527 + -367. What is the highest common divisor of j and 32?
32
Let f = 68 + -58. Let x = 44 - 24. Suppose -6*z + z + x = 0. Calculate the greatest common factor of f and z.
2
Let i = 12 + 76. What is the highest common divisor of 11 and i?
11
Suppose 2*r - 14 = -4*i, i = -0*r - 2*r + 11. Let y(b) = 3*b**2 + b + 1. Let l be y(-1). Let p = l + -2. Calculate the greatest common divisor of p and r.
1
Let g = -30 + 65. What is the highest common factor of g and 5?
5
Let o be -121*(-3)/((-18)/(-6)). Calculate the highest common divisor of 11 and o.
11
Let 